at is the units digit of 792832786?
6
What is the thousands digit of 6704933?
4
What is the tens digit of 399824385?
8
What is the units digit of 417324255?
5
What is the hundreds digit of 1510315602?
6
What is the hundred thousands digit of 103382607?
3
What is the hundreds digit of 228846880?
8
What is the ten thousands digit of 84573395?
7
What is the units digit of 7726813894?
4
What is the units digit of 228667733?
3
What is the units digit of 69100757?
7
What is the ten thousands digit of 3561047282?
4
What is the millions digit of 1021597073?
1
What is the hundred millions digit of 214786785?
2
What is the hundred millions digit of 520688278?
5
What is the millions digit of 1099698?
1
What is the units digit of 12780739?
9
What is the tens digit of 960310809?
0
What is the ten thousands digit of 794166929?
6
What is the units digit of 439113195?
5
What is the thousands digit of 10734318?
4
What is the billions digit of 2786783235?
2
What is the ten millions digit of 298215786?
9
What is the thousands digit of 46755530?
5
What is the ten millions digit of 58855648?
5
What is the units digit of 76132272?
2
What is the units digit of 192182388?
8
What is the tens digit of 158354323?
2
What is the millions digit of 40868664?
0
What is the ten millions digit of 72570422?
7
What is the millions digit of 37180948?
7
What is the hundred millions digit of 625644972?
6
What is the hundred thousands digit of 41308493?
3
What is the units digit of 345140825?
5
What is the units digit of 51604645?
5
What is the units digit of 106629171?
1
What is the thousands digit of 111988452?
8
What is the units digit of 124164247?
7
What is the hundreds digit of 315723672?
6
What is the hundred thousands digit of 56586133?
5
What is the ten millions digit of 73206318?
7
What is the hundred thousands digit of 7584896?
5
What is the tens digit of 53871649?
4
What is the hundred thousands digit of 1054905409?
9
What is the hundreds digit of 30757754?
7
What is the tens digit of 66322012?
1
What is the thousands digit of 223824520?
4
What is the ten millions digit of 933256467?
3
What is the hundred thousands digit of 23490307?
4
What is the hundred millions digit of 655275718?
6
What is the units digit of 203295610?
0
What is the tens digit of 1627581063?
6
What is the hundreds digit of 329985764?
7
What is the ten thousands digit of 1200018634?
1
What is the ten thousands digit of 82111197?
1
What is the hundred millions digit of 7344124513?
3
What is the ten thousands digit of 47882523?
8
What is the millions digit of 318553859?
8
What is the millions digit of 72658925?
2
What is the units digit of 30628054?
4
What is the tens digit of 482703375?
7
What is the hundreds digit of 19770882?
8
What is the hundred millions digit of 459359836?
4
What is the ten thousands digit of 44101627?
0
What is the hundreds digit of 3286698301?
3
What is the ten thousands digit of 54932921?
3
What is the tens digit of 640134107?
0
What is the hundreds digit of 77999446?
4
What is the hundreds digit of 2987476955?
9
What is the units digit of 445084124?
4
What is the tens digit of 535493781?
8
What is the millions digit of 61106624?
1
What is the hundred thousands digit of 173841038?
8
What is the units digit of 287320791?
1
What is the ten millions digit of 48509800?
4
What is the tens digit of 117473860?
6
What is the hundreds digit of 4264215882?
8
What is the tens digit of 1742405246?
4
What is the thousands digit of 63181334?
1
What is the ten thousands digit of 5925306876?
0
What is the ten millions digit of 487272254?
8
What is the tens digit of 214579301?
0
What is the ten millions digit of 1013331378?
1
What is the hundred thousands digit of 775744656?
7
What is the ten millions digit of 1731327809?
3
What is the units digit of 167905597?
7
What is the ten thousands digit of 5050995?
5
What is the hundred thousands digit of 828107835?
1
What is the tens digit of 96228843?
4
What is the tens digit of 136659237?
3
What is the ten millions digit of 153601674?
5
What is the ten thousands digit of 9502569?
0
What is the hundred millions digit of 150662867?
1
What is the hundred millions digit of 1288079969?
2
What is the ten thousands digit of 49896537?
9
What is the units digit of 64669058?
8
What is the thousands digit of 1825273191?
3
What is the tens digit of 1449772447?
4
What is the millions digit of 559974991?
9
What is the millions digit of 31122105?
1
What is the units digit of 1338770965?
5
What is the hundreds digit of 274763492?
4
What is the ten millions digit of 2273907779?
7
What is the hundreds digit of 3644377795?
7
What is the ten millions digit of 36355498?
3
What is the millions digit of 7821194?
7
What is the thousands digit of 106684668?
4
What is the units digit of 72213296?
6
What is the ten thousands digit of 36624921?
2
What is the millions digit of 221688854?
1
What is the tens digit of 24902266?
6
What is the ten millions digit of 23207883?
2
What is the hundreds digit of 2764854584?
5
What is the hundred thousands digit of 2927613565?
6
What is the hundred thousands digit of 31333109?
3
What is the tens digit of 1420333963?
6
What is the ten thousands digit of 278726345?
2
What is the hundred millions digit of 498056411?
4
What is the ten thousands digit of 30806950?
0
What is the ten millions digit of 3585426819?
8
What is the hundred thousands digit of 34492217?
4
What is the millions digit of 883889432?
3
What is the thousands digit of 188620567?
0
What is the billions digit of 6872497283?
6
What is the ten thousands digit of 184675013?
7
What is the hundreds digit of 625046218?
2
What is the billions digit of 7415504125?
7
What is the ten thousands digit of 3750771?
5
What is the tens digit of 2657632973?
7
What is the ten thousands digit of 2818289266?
8
What is the thousands digit of 306410184?
0
What is the units digit of 119535596?
6
What is the millions digit of 8310414299?
0
What is the hundred thousands digit of 3333122104?
1
What is the tens digit of 65160723?
2
What is the tens digit of 2560792282?
8
What is the thousands digit of 39422017?
2
What is the hundreds digit of 72170219?
2
What is the hundred millions digit of 3489892344?
4
What is the units digit of 494246018?
8
What is the billions digit of 5741635299?
5
What is the hundreds digit of 227634767?
7
What is the ten millions digit of 132419777?
3
What is the tens digit of 1463956226?
2
What is the hundred thousands digit of 7577382195?
3
What is the hundreds digit of 3209847418?
4
What is the millions digit of 1083580697?
3
What is the millions digit of 141205712?
1
What is the thousands digit of 1872104145?
4
What is the ten thousands digit of 42799520?
9
What is the thousands digit of 154593110?
3
What is the hundreds digit of 648204670?
6
What is the units digit of 218890047?
7
What is the millions digit of 70087164?
0
What is the units digit of 37272050?
0
What is the hundred millions digit of 105435417?
1
What is the tens digit of 517031475?
7
What is the hundred millions digit of 1481734687?
4
What is the thousands digit of 4467605677?
5
What is the hundred millions digit of 1859684378?
8
What is the tens digit of 702353925?
2
What is the millions digit of 1098754789?
8
What is the ten thousands digit of 265868?
6
What is the hundred thousands digit of 309245690?
2
What is the hundred millions digit of 1570556674?
5
What is the units digit of 32069405?
5
What is the units digit of 586847968?
8
What is the tens digit of 17249683?
8
What is the hundreds digit of 42365529?
5
What is the tens digit of 372474937?
3
What is the tens digit of 2126531921?
2
What is the millions digit of 34723858?
4
What is the ten thousands digit of 694255?
9
What is the tens digit of 565563441?
4
What is the millions digit of 2875988424?
5
What is the tens digit of 179616262?
6
What is the tens digit of 820621?
2
What is the millions digit of 614484183?
4
What is the thousands digit of 255622467?
2
What is the hundreds digit of 5004255?
2
What is the ten millions digit of 34688747?
3
What is the thousands digit of 525980009?
0
What is the hundred thousands digit of 3288462390?
4
What is the thousands digit of 214733152?
3
What is the billions digit of 1820445912?
1
What is the thousands di